{"id":1759,"date":"2018-05-11T09:18:56","date_gmt":"2018-05-11T08:18:56","guid":{"rendered":"http:\/\/localhost:8888\/politica-defensa\/?page_id=1759"},"modified":"2022-11-29T13:42:51","modified_gmt":"2022-11-29T12:42:51","slug":"policy-papers","status":"publish","type":"page","link":"https:\/\/articulo30.org\/politica-defensa\/policy-papers\/","title":{"rendered":"Policy Papers"},"content":{"rendered":"\n<div class=\"wrapper-posts box-recent type-pagination layout-list\" data-layout=\"list\" data-paged=\"8\" data-col=\"col-xs-12 col-1\" data-cat=\"policy papers\" data-number=\"8\" data-ads=\"large-rectangle\">\n            <div class=\"box-title clearfix\">\n            <h2 class=\"title-left\">Policy Papers<\/h2>\n                    <\/div>\n        <span class=\"agr-loading\"><\/span>\n    <div class=\"tab-content\">\n        <div id=\"allCat\" class=\"archive-blog affect-isotope row active description-show\">\n                            \n                        <div class=\"col-item col-xs-12 col-1\">\n                            <article  class=\"post-item post-list clearfix post-6703 post type-post status-publish format-standard has-post-thumbnail hentry category-cultura-estrategica category-policy-papers category-portada tag-cultura-de-defensa tag-diplomacia tag-espana tag-politica-gobierno tag-union-europea\">\n    <div class=\"article-image\">\n                                <div class=\"post-image\">\n                <span class=\"bgr-item\"><\/span>\n                <a href=\"https:\/\/articulo30.org\/politica-defensa\/servicio-de-defensa-jorge-salvadores\/\">\n                    <img decoding=\"async\"  class=\"lazy\" src=\"https:\/\/articulo30.org\/politica-defensa\/wp-content\/themes\/nerubian\/assets\/images\/layzyload-list.jpg\"  data-src=\"https:\/\/articulo30.org\/politica-defensa\/wp-content\/uploads\/64-292x190.jpg\" alt=\"post-image\"\/>\n                <\/a>\n                            <\/div>\n\n                \n    <\/div>\n    <div class=\"article-content \">\n\n        <div class=\"entry-header clearfix\">\n            <span class=\"post-cat\">                <a href=\"https:\/\/articulo30.org\/politica-defensa\/seccion\/cultura-estrategica\/\"   title=\"\" >Cultura Estrat\u00e9gica<\/a>\n                                             <a href=\"https:\/\/articulo30.org\/politica-defensa\/seccion\/policy-papers\/\"  title=\"\" >Policy Papers<\/a>\n                             <a href=\"https:\/\/articulo30.org\/politica-defensa\/seccion\/portada\/\"  title=\"\" >Portada<\/a>\n            <\/span>\n            <header class=\"entry-header-title\">\n                <h3 class=\"entry-title\"><a href=\"https:\/\/articulo30.org\/politica-defensa\/servicio-de-defensa-jorge-salvadores\/\" rel=\"bookmark\">Servicio de Defensa (I)<\/a><\/h3>            <\/header>\n        <\/div>\n        <div class=\"article-meta clearfix\">\n            <span class=\"posted-on\"><i class=\"fa fa-clock-o\" aria-hidden=\"true\"><\/i><span class=\"screen-reader-text\">Posted on <\/span><a href=\"https:\/\/articulo30.org\/politica-defensa\/servicio-de-defensa-jorge-salvadores\/\" rel=\"bookmark\"><time class=\"entry-date published\" datetime=\"2026-03-27T18:43:11+01:00\">27\/03\/2026<\/time><time class=\"updated\" datetime=\"2026-03-28T11:23:58+01:00\">28\/03\/2026<\/time><\/a><\/span>\t<div class=\"entry-meta-right\">\n\t\t\t\t\t<\/div>\n\n        <\/div>\n        <div class=\"entry-content\">\n            Paper 64 27 Marzo 2026 John Fitzgerald Kennedy (JFK): \u201cAsk not what your country can do for you\u2026\u201d \u201cHave you served? I have served\u201d Esta pregunta sencilla y su...\n        <\/div>\n\n    <\/div>\n<\/article><!-- #post-## -->\n                        <\/div>\n\n                        \n                        <div class=\"col-item col-xs-12 col-1\">\n                            <article  class=\"post-item post-list clearfix post-6696 post type-post status-publish format-standard has-post-thumbnail hentry category-policy-papers category-portada tag-analisis-de-conflictos tag-estados-unidos tag-estrategia tag-geopolitica tag-inteligencia tag-venezuela\">\n    <div class=\"article-image\">\n                                <div class=\"post-image\">\n                <span class=\"bgr-item\"><\/span>\n                <a href=\"https:\/\/articulo30.org\/politica-defensa\/operacion-venezuela-estados-unidos-rebeca-radio\/\">\n                    <img decoding=\"async\"  class=\"lazy\" src=\"https:\/\/articulo30.org\/politica-defensa\/wp-content\/themes\/nerubian\/assets\/images\/layzyload-list.jpg\"  data-src=\"https:\/\/articulo30.org\/politica-defensa\/wp-content\/uploads\/63-292x190.jpg\" alt=\"post-image\"\/>\n                <\/a>\n                            <\/div>\n\n                \n    <\/div>\n    <div class=\"article-content \">\n\n        <div class=\"entry-header clearfix\">\n            <span class=\"post-cat\">                <a href=\"https:\/\/articulo30.org\/politica-defensa\/seccion\/policy-papers\/\"   title=\"\" >Policy Papers<\/a>\n                                             <a href=\"https:\/\/articulo30.org\/politica-defensa\/seccion\/portada\/\"  title=\"\" >Portada<\/a>\n            <\/span>\n            <header class=\"entry-header-title\">\n                <h3 class=\"entry-title\"><a href=\"https:\/\/articulo30.org\/politica-defensa\/operacion-venezuela-estados-unidos-rebeca-radio\/\" rel=\"bookmark\">Operaci\u00f3n en Venezuela: geopol\u00edtica, control regional y proyecci\u00f3n estrat\u00e9gica de Estados Unidos<\/a><\/h3>            <\/header>\n        <\/div>\n        <div class=\"article-meta clearfix\">\n            <span class=\"posted-on\"><i class=\"fa fa-clock-o\" aria-hidden=\"true\"><\/i><span class=\"screen-reader-text\">Posted on <\/span><a href=\"https:\/\/articulo30.org\/politica-defensa\/operacion-venezuela-estados-unidos-rebeca-radio\/\" rel=\"bookmark\"><time class=\"entry-date published\" datetime=\"2026-01-03T22:00:24+01:00\">03\/01\/2026<\/time><time class=\"updated\" datetime=\"2026-01-11T14:05:55+01:00\">11\/01\/2026<\/time><\/a><\/span>\t<div class=\"entry-meta-right\">\n\t\t\t\t\t<\/div>\n\n        <\/div>\n        <div class=\"entry-content\">\n            Paper 63 3 Enero 2026 Desde mediados de 2025, la administraci\u00f3n de Donald Trump ha reforzado su presencia militar en el Caribe y ha incrementado la presi\u00f3n sobre Caracas,...\n        <\/div>\n\n    <\/div>\n<\/article><!-- #post-## -->\n                        <\/div>\n\n                        \n                        <div class=\"col-item col-xs-12 col-1\">\n                            <article  class=\"post-item post-list clearfix post-6683 post type-post status-publish format-standard has-post-thumbnail hentry category-ciberseguridad category-policy-papers category-seguridad-nacional tag-ciberseguridad tag-espana tag-estrategia-seguridad-nacional tag-geopolitica tag-naval--armada tag-otan tag-tecnologia tag-union-europea\">\n    <div class=\"article-image\">\n                                <div class=\"post-image\">\n                <span class=\"bgr-item\"><\/span>\n                <a href=\"https:\/\/articulo30.org\/politica-defensa\/paper-62-efectos-amenazas-hibridas-espana-carmen-diaz-garcia\/\">\n                    <img decoding=\"async\"  class=\"lazy\" src=\"https:\/\/articulo30.org\/politica-defensa\/wp-content\/themes\/nerubian\/assets\/images\/layzyload-list.jpg\"  data-src=\"https:\/\/articulo30.org\/politica-defensa\/wp-content\/uploads\/Paper-62-292x190.jpg\" alt=\"post-image\"\/>\n                <\/a>\n                            <\/div>\n\n                \n    <\/div>\n    <div class=\"article-content \">\n\n        <div class=\"entry-header clearfix\">\n            <span class=\"post-cat\">                <a href=\"https:\/\/articulo30.org\/politica-defensa\/seccion\/ciberseguridad\/\"   title=\"\" >Ciberseguridad<\/a>\n                                             <a href=\"https:\/\/articulo30.org\/politica-defensa\/seccion\/policy-papers\/\"  title=\"\" >Policy Papers<\/a>\n                             <a href=\"https:\/\/articulo30.org\/politica-defensa\/seccion\/seguridad-nacional\/\"  title=\"\" >Seguridad Nacional<\/a>\n            <\/span>\n            <header class=\"entry-header-title\">\n                <h3 class=\"entry-title\"><a href=\"https:\/\/articulo30.org\/politica-defensa\/paper-62-efectos-amenazas-hibridas-espana-carmen-diaz-garcia\/\" rel=\"bookmark\">Efectos de las amenazas h\u00edbridas: el caso de Espa\u00f1a<\/a><\/h3>            <\/header>\n        <\/div>\n        <div class=\"article-meta clearfix\">\n            <span class=\"posted-on\"><i class=\"fa fa-clock-o\" aria-hidden=\"true\"><\/i><span class=\"screen-reader-text\">Posted on <\/span><a href=\"https:\/\/articulo30.org\/politica-defensa\/paper-62-efectos-amenazas-hibridas-espana-carmen-diaz-garcia\/\" rel=\"bookmark\"><time class=\"entry-date published\" datetime=\"2025-11-13T21:27:28+01:00\">13\/11\/2025<\/time><time class=\"updated\" datetime=\"2026-03-27T18:49:12+01:00\">27\/03\/2026<\/time><\/a><\/span>\t<div class=\"entry-meta-right\">\n\t\t\t\t\t<\/div>\n\n        <\/div>\n        <div class=\"entry-content\">\n            Paper 62 13 Noviembre 2025 La complejidad de fen\u00f3menos que caracterizan el siglo XXI han transformado el concepto tradicional de poder. La herencia multilateral del fin de los dos...\n        <\/div>\n\n    <\/div>\n<\/article><!-- #post-## -->\n                        <\/div>\n\n                        \n                        <div class=\"col-item col-xs-12 col-1\">\n                            <article  class=\"post-item post-list clearfix post-6677 post type-post status-publish format-standard has-post-thumbnail hentry category-policy-papers category-seguridad-nacional tag-economia tag-medioambiente tag-politica-gobierno tag-seguridad-nacional tag-sociedad-civil\">\n    <div class=\"article-image\">\n                                <div class=\"post-image\">\n                <span class=\"bgr-item\"><\/span>\n                <a href=\"https:\/\/articulo30.org\/politica-defensa\/paper-61-incendios-forestales-seguridad-nacional-rebeca-radio\/\">\n                    <img decoding=\"async\"  class=\"lazy\" src=\"https:\/\/articulo30.org\/politica-defensa\/wp-content\/themes\/nerubian\/assets\/images\/layzyload-list.jpg\"  data-src=\"https:\/\/articulo30.org\/politica-defensa\/wp-content\/uploads\/paper-61-1-292x190.jpg\" alt=\"post-image\"\/>\n                <\/a>\n                            <\/div>\n\n                \n    <\/div>\n    <div class=\"article-content \">\n\n        <div class=\"entry-header clearfix\">\n            <span class=\"post-cat\">                <a href=\"https:\/\/articulo30.org\/politica-defensa\/seccion\/policy-papers\/\"   title=\"\" >Policy Papers<\/a>\n                                             <a href=\"https:\/\/articulo30.org\/politica-defensa\/seccion\/seguridad-nacional\/\"  title=\"\" >Seguridad Nacional<\/a>\n            <\/span>\n            <header class=\"entry-header-title\">\n                <h3 class=\"entry-title\"><a href=\"https:\/\/articulo30.org\/politica-defensa\/paper-61-incendios-forestales-seguridad-nacional-rebeca-radio\/\" rel=\"bookmark\">Incendios forestales y seguridad nacional: el desaf\u00edo estrat\u00e9gico de la gesti\u00f3n del medio rural<\/a><\/h3>            <\/header>\n        <\/div>\n        <div class=\"article-meta clearfix\">\n            <span class=\"posted-on\"><i class=\"fa fa-clock-o\" aria-hidden=\"true\"><\/i><span class=\"screen-reader-text\">Posted on <\/span><a href=\"https:\/\/articulo30.org\/politica-defensa\/paper-61-incendios-forestales-seguridad-nacional-rebeca-radio\/\" rel=\"bookmark\"><time class=\"entry-date published\" datetime=\"2025-08-19T13:00:39+01:00\">19\/08\/2025<\/time><time class=\"updated\" datetime=\"2026-01-09T18:09:41+01:00\">09\/01\/2026<\/time><\/a><\/span>\t<div class=\"entry-meta-right\">\n\t\t\t\t\t<\/div>\n\n        <\/div>\n        <div class=\"entry-content\">\n            Paper 61 19 Agosto 2025 La Estrategia de Seguridad Nacional (ESN) del a\u00f1o 2021 constituye un marco de referencia esencial para la identificaci\u00f3n de riesgos y desaf\u00edos que afectan...\n        <\/div>\n\n    <\/div>\n<\/article><!-- #post-## -->\n                        <\/div>\n\n                        \n                        <div class=\"col-item col-xs-12 col-1\">\n                            <article  class=\"post-item post-list clearfix post-6667 post type-post status-publish format-standard has-post-thumbnail hentry category-industria-y-tecnologia category-inteligencia category-policy-papers tag-china tag-estados-unidos tag-industria tag-inteligencia tag-politica-gobierno tag-tecnologia tag-union-europea\">\n    <div class=\"article-image\">\n                                <div class=\"post-image\">\n                <span class=\"bgr-item\"><\/span>\n                <a href=\"https:\/\/articulo30.org\/politica-defensa\/espana-huawei-una-decision-tecnologica-con-coste-geopolitico-rebeca-radio\/\">\n                    <img decoding=\"async\"  class=\"lazy\" src=\"https:\/\/articulo30.org\/politica-defensa\/wp-content\/themes\/nerubian\/assets\/images\/layzyload-list.jpg\"  data-src=\"https:\/\/articulo30.org\/politica-defensa\/wp-content\/uploads\/paper-61-292x190.jpg\" alt=\"post-image\"\/>\n                <\/a>\n                            <\/div>\n\n                \n    <\/div>\n    <div class=\"article-content \">\n\n        <div class=\"entry-header clearfix\">\n            <span class=\"post-cat\">                <a href=\"https:\/\/articulo30.org\/politica-defensa\/seccion\/industria-y-tecnologia\/\"   title=\"\" >Industria y Tecnolog\u00eda<\/a>\n                                             <a href=\"https:\/\/articulo30.org\/politica-defensa\/seccion\/inteligencia\/\"  title=\"\" >Inteligencia<\/a>\n                             <a href=\"https:\/\/articulo30.org\/politica-defensa\/seccion\/policy-papers\/\"  title=\"\" >Policy Papers<\/a>\n            <\/span>\n            <header class=\"entry-header-title\">\n                <h3 class=\"entry-title\"><a href=\"https:\/\/articulo30.org\/politica-defensa\/espana-huawei-una-decision-tecnologica-con-coste-geopolitico-rebeca-radio\/\" rel=\"bookmark\">Espa\u00f1a y Huawei: una decisi\u00f3n tecnol\u00f3gica con coste geopol\u00edtico<\/a><\/h3>            <\/header>\n        <\/div>\n        <div class=\"article-meta clearfix\">\n            <span class=\"posted-on\"><i class=\"fa fa-clock-o\" aria-hidden=\"true\"><\/i><span class=\"screen-reader-text\">Posted on <\/span><a href=\"https:\/\/articulo30.org\/politica-defensa\/espana-huawei-una-decision-tecnologica-con-coste-geopolitico-rebeca-radio\/\" rel=\"bookmark\"><time class=\"entry-date published\" datetime=\"2025-07-29T23:29:24+01:00\">29\/07\/2025<\/time><time class=\"updated\" datetime=\"2025-10-15T13:46:22+01:00\">15\/10\/2025<\/time><\/a><\/span>\t<div class=\"entry-meta-right\">\n\t\t\t\t\t<\/div>\n\n        <\/div>\n        <div class=\"entry-content\">\n            Paper 60 30 Julio 2025 Es un hecho incuestionable que la tecnolog\u00eda se ha consolidado como una extensi\u00f3n directa de la pol\u00edtica exterior y de la seguridad de los...\n        <\/div>\n\n    <\/div>\n<\/article><!-- #post-## -->\n                        <\/div>\n\n                        \n                        <div class=\"col-item col-xs-12 col-1\">\n                            <article  class=\"post-item post-list clearfix post-6614 post type-post status-publish format-standard has-post-thumbnail hentry category-ciberseguridad category-industria-y-tecnologia category-policy-papers tag-china tag-ciberseguridad tag-conflictos tag-espacio tag-espionaje tag-estados-unidos tag-estrategia-seguridad-nacional tag-inteligencia tag-rusia tag-tecnologia tag-union-europea\">\n    <div class=\"article-image\">\n                                <div class=\"post-image\">\n                <span class=\"bgr-item\"><\/span>\n                <a href=\"https:\/\/articulo30.org\/politica-defensa\/paper-59-el-oro-esta-en-el-cielo-geopolitica-y-explotacion-del-espacio-exterior-rebeca-radio\/\">\n                    <img decoding=\"async\"  class=\"lazy\" src=\"https:\/\/articulo30.org\/politica-defensa\/wp-content\/themes\/nerubian\/assets\/images\/layzyload-list.jpg\"  data-src=\"https:\/\/articulo30.org\/politica-defensa\/wp-content\/uploads\/paper-59-292x190.jpg\" alt=\"post-image\"\/>\n                <\/a>\n                            <\/div>\n\n                \n    <\/div>\n    <div class=\"article-content \">\n\n        <div class=\"entry-header clearfix\">\n            <span class=\"post-cat\">                <a href=\"https:\/\/articulo30.org\/politica-defensa\/seccion\/ciberseguridad\/\"   title=\"\" >Ciberseguridad<\/a>\n                                             <a href=\"https:\/\/articulo30.org\/politica-defensa\/seccion\/industria-y-tecnologia\/\"  title=\"\" >Industria y Tecnolog\u00eda<\/a>\n                             <a href=\"https:\/\/articulo30.org\/politica-defensa\/seccion\/policy-papers\/\"  title=\"\" >Policy Papers<\/a>\n            <\/span>\n            <header class=\"entry-header-title\">\n                <h3 class=\"entry-title\"><a href=\"https:\/\/articulo30.org\/politica-defensa\/paper-59-el-oro-esta-en-el-cielo-geopolitica-y-explotacion-del-espacio-exterior-rebeca-radio\/\" rel=\"bookmark\">El oro est\u00e1 en el cielo: geopol\u00edtica y explotaci\u00f3n del espacio exterior<\/a><\/h3>            <\/header>\n        <\/div>\n        <div class=\"article-meta clearfix\">\n            <span class=\"posted-on\"><i class=\"fa fa-clock-o\" aria-hidden=\"true\"><\/i><span class=\"screen-reader-text\">Posted on <\/span><a href=\"https:\/\/articulo30.org\/politica-defensa\/paper-59-el-oro-esta-en-el-cielo-geopolitica-y-explotacion-del-espacio-exterior-rebeca-radio\/\" rel=\"bookmark\"><time class=\"entry-date published\" datetime=\"2025-04-22T13:41:01+01:00\">22\/04\/2025<\/time><time class=\"updated\" datetime=\"2025-05-29T11:05:23+01:00\">29\/05\/2025<\/time><\/a><\/span>\t<div class=\"entry-meta-right\">\n\t\t\t\t\t<\/div>\n\n        <\/div>\n        <div class=\"entry-content\">\n            Paper 59 22 Abril 2025 M\u00e1s all\u00e1 de su dimensi\u00f3n cient\u00edfica y exploratoria, el espacio exterior se ha consolidado como un activo estrat\u00e9gico en la geopol\u00edtica del siglo XXI....\n        <\/div>\n\n    <\/div>\n<\/article><!-- #post-## -->\n                        <\/div>\n\n                        \n                        <div class=\"col-item col-xs-12 col-1\">\n                            <article  class=\"post-item post-list clearfix post-6592 post type-post status-publish format-standard has-post-thumbnail hentry category-policy-papers category-union-europea tag-argelia tag-estados-unidos tag-industria tag-marruecos tag-otan tag-presupuesto tag-rusia tag-tecnologia tag-ucrania tag-union-europea\">\n    <div class=\"article-image\">\n                                <div class=\"post-image\">\n                <span class=\"bgr-item\"><\/span>\n                <a href=\"https:\/\/articulo30.org\/politica-defensa\/paper-58-rearme-de-europa-rebeca-radio\/\">\n                    <img decoding=\"async\"  class=\"lazy\" src=\"https:\/\/articulo30.org\/politica-defensa\/wp-content\/themes\/nerubian\/assets\/images\/layzyload-list.jpg\"  data-src=\"https:\/\/articulo30.org\/politica-defensa\/wp-content\/uploads\/paper-58-292x190.jpg\" alt=\"post-image\"\/>\n                <\/a>\n                            <\/div>\n\n                \n    <\/div>\n    <div class=\"article-content \">\n\n        <div class=\"entry-header clearfix\">\n            <span class=\"post-cat\">                <a href=\"https:\/\/articulo30.org\/politica-defensa\/seccion\/policy-papers\/\"   title=\"\" >Policy Papers<\/a>\n                                             <a href=\"https:\/\/articulo30.org\/politica-defensa\/seccion\/union-europea\/\"  title=\"\" >Uni\u00f3n Europea<\/a>\n            <\/span>\n            <header class=\"entry-header-title\">\n                <h3 class=\"entry-title\"><a href=\"https:\/\/articulo30.org\/politica-defensa\/paper-58-rearme-de-europa-rebeca-radio\/\" rel=\"bookmark\">El rearme de Europa: lecciones del pasado para la defensa del futuro<\/a><\/h3>            <\/header>\n        <\/div>\n        <div class=\"article-meta clearfix\">\n            <span class=\"posted-on\"><i class=\"fa fa-clock-o\" aria-hidden=\"true\"><\/i><span class=\"screen-reader-text\">Posted on <\/span><a href=\"https:\/\/articulo30.org\/politica-defensa\/paper-58-rearme-de-europa-rebeca-radio\/\" rel=\"bookmark\"><time class=\"entry-date published\" datetime=\"2025-03-18T20:21:18+01:00\">18\/03\/2025<\/time><time class=\"updated\" datetime=\"2025-04-22T13:45:31+01:00\">22\/04\/2025<\/time><\/a><\/span>\t<div class=\"entry-meta-right\">\n\t\t\t\t\t<\/div>\n\n        <\/div>\n        <div class=\"entry-content\">\n            Paper 58 18 Marzo 2025 Es com\u00fan ver c\u00f3mo ciertos patrones hist\u00f3ricos tienden a repetirse bajo nuevas circunstancias, incluso con las mismas amenazas. En este sentido, la reciente cumbre...\n        <\/div>\n\n    <\/div>\n<\/article><!-- #post-## -->\n                        <\/div>\n\n                        \n                        <div class=\"col-item col-xs-12 col-1\">\n                            <article  class=\"post-item post-list clearfix post-6573 post type-post status-publish format-standard has-post-thumbnail hentry category-ciberseguridad category-policy-papers tag-ciberseguridad tag-cultura tag-educacion tag-redes-sociales tag-seguridad-nacional tag-yihadismo\">\n    <div class=\"article-image\">\n                                <div class=\"post-image\">\n                <span class=\"bgr-item\"><\/span>\n                <a href=\"https:\/\/articulo30.org\/politica-defensa\/paper-57-ciberespacio-de-riesgo-rebeca-radio\/\">\n                    <img decoding=\"async\"  class=\"lazy\" src=\"https:\/\/articulo30.org\/politica-defensa\/wp-content\/themes\/nerubian\/assets\/images\/layzyload-list.jpg\"  data-src=\"https:\/\/articulo30.org\/politica-defensa\/wp-content\/uploads\/paper-57-292x190.jpg\" alt=\"post-image\"\/>\n                <\/a>\n                            <\/div>\n\n                \n    <\/div>\n    <div class=\"article-content \">\n\n        <div class=\"entry-header clearfix\">\n            <span class=\"post-cat\">                <a href=\"https:\/\/articulo30.org\/politica-defensa\/seccion\/ciberseguridad\/\"   title=\"\" >Ciberseguridad<\/a>\n                                             <a href=\"https:\/\/articulo30.org\/politica-defensa\/seccion\/policy-papers\/\"  title=\"\" >Policy Papers<\/a>\n            <\/span>\n            <header class=\"entry-header-title\">\n                <h3 class=\"entry-title\"><a href=\"https:\/\/articulo30.org\/politica-defensa\/paper-57-ciberespacio-de-riesgo-rebeca-radio\/\" rel=\"bookmark\">Un ciberespacio de riesgo<\/a><\/h3>            <\/header>\n        <\/div>\n        <div class=\"article-meta clearfix\">\n            <span class=\"posted-on\"><i class=\"fa fa-clock-o\" aria-hidden=\"true\"><\/i><span class=\"screen-reader-text\">Posted on <\/span><a href=\"https:\/\/articulo30.org\/politica-defensa\/paper-57-ciberespacio-de-riesgo-rebeca-radio\/\" rel=\"bookmark\"><time class=\"entry-date published\" datetime=\"2025-02-18T11:57:28+01:00\">18\/02\/2025<\/time><time class=\"updated\" datetime=\"2025-03-18T20:27:22+01:00\">18\/03\/2025<\/time><\/a><\/span>\t<div class=\"entry-meta-right\">\n\t\t\t\t\t<\/div>\n\n        <\/div>\n        <div class=\"entry-content\">\n            Paper 57 18 Febrero 2025 En el \u00faltimo a\u00f1o, la atenci\u00f3n mundial se ha centrado en eventos de gran magnitud como la guerra en Ucrania, el conflicto entre Israel...\n        <\/div>\n\n    <\/div>\n<\/article><!-- #post-## -->\n                        <\/div>\n\n                                            <\/div>\n    <\/div>\n\n                <div class=\"navigation pagination clearfix\">\r\n                                            <span class=\"page-numbers current\">1<\/span>\r\n                                                    <a href=\"https:\/\/articulo30.org\/politica-defensa\/wp-json\/wp\/v2\/pages\/1759\/page\/2\/\" class=\"inactive page-numbers\">2<\/a>\r\n                                                        <a href=\"https:\/\/articulo30.org\/politica-defensa\/wp-json\/wp\/v2\/pages\/1759\/page\/3\/\" class=\"inactive page-numbers\">3<\/a>\r\n                                                        <a href=\"https:\/\/articulo30.org\/politica-defensa\/wp-json\/wp\/v2\/pages\/1759\/page\/4\/\" class=\"inactive page-numbers\">4<\/a>\r\n                                                <a class=\"next page-numbers\" href=\"https:\/\/articulo30.org\/politica-defensa\/wp-json\/wp\/v2\/pages\/1759\/page\/2\/\"><i class=\"fa fa-angle-right\"><\/i><\/a>\r\n                            <\/div>\r\n            <\/div>\n","protected":false},"excerpt":{"rendered":"","protected":false},"author":4,"featured_media":0,"parent":0,"menu_order":0,"comment_status":"closed","ping_status":"closed","template":"","meta":{"footnotes":""},"class_list":["post-1759","page","type-page","status-publish","hentry"],"_links":{"self":[{"href":"https:\/\/articulo30.org\/politica-defensa\/wp-json\/wp\/v2\/pages\/1759","targetHints":{"allow":["GET"]}}],"collection":[{"href":"https:\/\/articulo30.org\/politica-defensa\/wp-json\/wp\/v2\/pages"}],"about":[{"href":"https:\/\/articulo30.org\/politica-defensa\/wp-json\/wp\/v2\/types\/page"}],"author":[{"embeddable":true,"href":"https:\/\/articulo30.org\/politica-defensa\/wp-json\/wp\/v2\/users\/4"}],"replies":[{"embeddable":true,"href":"https:\/\/articulo30.org\/politica-defensa\/wp-json\/wp\/v2\/comments?post=1759"}],"version-history":[{"count":16,"href":"https:\/\/articulo30.org\/politica-defensa\/wp-json\/wp\/v2\/pages\/1759\/revisions"}],"predecessor-version":[{"id":6191,"href":"https:\/\/articulo30.org\/politica-defensa\/wp-json\/wp\/v2\/pages\/1759\/revisions\/6191"}],"wp:attachment":[{"href":"https:\/\/articulo30.org\/politica-defensa\/wp-json\/wp\/v2\/media?parent=1759"}],"curies":[{"name":"wp","href":"https:\/\/api.w.org\/{rel}","templated":true}]}}