{"id":268,"date":"2016-10-23T22:03:00","date_gmt":"2016-10-23T22:03:00","guid":{"rendered":"http:\/\/articulo30.org\/inicio\/?page_id=268"},"modified":"2022-11-29T13:28:58","modified_gmt":"2022-11-29T12:28:58","slug":"constitucion","status":"publish","type":"page","link":"https:\/\/articulo30.org\/politica-defensa\/constitucion\/","title":{"rendered":"Pol\u00edtica de Defensa"},"content":{"rendered":"<h1 style=\"text-align: justify;\"><span style=\"color: #333333; font-family: trebuchet ms,geneva,sans-serif; font-size: 20px;\"><strong>Por qu\u00e9 este nombre<\/strong><\/span><\/h1>\n<p style=\"text-align: justify;\"><span style=\"color: #333333; font-family: trebuchet ms,geneva,sans-serif; font-size: 16px;\">El art\u00edculo 30 de la Constituci\u00f3n Espa\u00f1ola afirma que \u00ablos espa\u00f1oles tienen el derecho y el deber de defender a Espa\u00f1a\u00bb. Hemos tomado el nombre de \u201cArt\u00edculo 30\u201d porque nos parec\u00eda una forma sencilla de asociar una marca con un mensaje. Esta iniciativa se configura como un <em>think-tank<\/em> para fomentar el an\u00e1lisis y el debate sobre cuestiones estrat\u00e9gicas de seguridad, especialmente en aquellos aspectos que afectan a nuestra pol\u00edtica de Defensa.<\/span><\/p>\n<h2 style=\"text-align: justify;\"><span style=\"color: #333333; font-family: trebuchet ms,geneva,sans-serif; font-size: 20px;\"><strong>El camino recorrido<\/strong><\/span><\/h2>\n<p style=\"text-align: justify;\"><span style=\"color: #333333; font-family: trebuchet ms,geneva,sans-serif; font-size: 16px;\">Comenz\u00f3 en 2013 como plataforma 2.0, coincidiendo con la puesta en marcha de la Estrategia de Seguridad Nacional y respondiendo a uno de sus objetivos, lo que se denomina \u00abpromoci\u00f3n de la cultura de defensa\u00bb. Hoy contamos con un camino recorrido puesto al servicio de ciudadanos, estudiantes, profesionales, decisores pol\u00edticos y l\u00edderes de opini\u00f3n. Creemos que los complejos temas que tienen que ver con nuestras amenazas e intereses deben ser parte de un debate integrado y compartido a nivel social, pues configuran de forma directa a nuestro bien com\u00fan, es decir, la variada realidad pol\u00edtica, hist\u00f3rica, social, econ\u00f3mica y cultural. Participamos en actividades, foros y grupos de trabajo, tanto a nivel nacional como internacional, ofrecemos opini\u00f3n a los medios de comunicaci\u00f3n y contenidos a los grupos pol\u00edticos, y contamos con una comunidad multidisciplinar de colaboradores.<\/span><\/p>\n<h2 style=\"text-align: justify;\"><span style=\"color: #333333; font-family: trebuchet ms,geneva,sans-serif; font-size: 20px;\">Nos gusta la pol\u00edtica<\/span><\/h2>\n<p style=\"text-align: justify;\"><span style=\"color: #333333; font-family: trebuchet ms,geneva,sans-serif; font-size: 16px;\">La Defensa no da votos, pero una mala pol\u00edtica y una mala gesti\u00f3n ayuda a perderlos. La resoluci\u00f3n de conflictos no suele ir acompa\u00f1ada ni de buenas noticias ni del discurso de lo pol\u00edticamente correcto. El orden jur\u00eddico, la estabilidad pol\u00edtica y el desarrollo social s\u00f3lo son posibles si t\u00e9rminos como \u00abamenazas\u00bb, \u00abintereses\u00bb, \u00abseguridad\u00bb, \u00abdisuasi\u00f3n\u00bb o \u00abcapacidades militares\u00bb empiezan a ser tan comunes como \u00abcooperaci\u00f3n\u00bb y \u00abdiplomacia\u00bb. En un mundo globalizado, la prevenci\u00f3n y la resoluci\u00f3n de conflictos nos afecta, y mucho, cada vez m\u00e1s intensamente. Como iniciativa social, nos gusta la pol\u00edtica y queremos dedicar parte de nuestro tiempo a trabajar por una Espa\u00f1a mejor. Somos los ciudadanos quienes votamos y pagamos impuestos, as\u00ed que necesitamos saber lo que pasa m\u00e1s all\u00e1 de nuestras fronteras, sus causas y sus consecuencias. All\u00ed tambi\u00e9n est\u00e1n desplegadas nuestras Fuerzas Armadas en misiones internacionales, y eso nos afecta. Como consecuencia de ello, ofrecemos propuestas pol\u00edticas, opiniones y puntos de vista, teniendo en cuenta objetivos y capacidades.\u00a0<\/span><\/p>\n<h2 style=\"text-align: justify;\"><span style=\"color: #333333; font-family: trebuchet ms,geneva,sans-serif; font-size: 20px;\"><strong>Qu\u00e9 hacemos<\/strong><\/span><\/h2>\n<p><span style=\"color: #000000; font-family: trebuchet ms,geneva,sans-serif; font-size: 16px;\">Hacemos lo que dicen nuestros Estatutos:<\/span><\/p>\n<ul>\n<li><span style=\"color: #333333; font-family: trebuchet ms,geneva,sans-serif; font-size: 16px;\">Promover la difusi\u00f3n de la cultura de defensa.<\/span><\/li>\n<li><span style=\"color: #333333; font-family: trebuchet ms,geneva,sans-serif; font-size: 16px;\">Servir de plataforma para fomentar el debate y la participaci\u00f3n ciudadana en el \u00e1mbito de las cuestiones estrat\u00e9gicas de seguridad.<\/span><\/li>\n<li><span style=\"color: #333333; font-family: trebuchet ms,geneva,sans-serif; font-size: 16px;\">Divulgar los contenidos descritos en las estrategias de seguridad nacional.<\/span><\/li>\n<li><span style=\"color: #333333; font-family: trebuchet ms,geneva,sans-serif; font-size: 16px;\">Participar en actividades e iniciativas de la comunidad estrat\u00e9gica.<\/span><\/li>\n<li><span style=\"color: #333333; font-family: trebuchet ms,geneva,sans-serif; font-size: 16px;\">Difundir opini\u00f3n y an\u00e1lisis de asuntos que afecten a la pol\u00edtica de defensa, incluyendo su dimensi\u00f3n nacional e internacional, instituciones internacionales, Fuerzas Armadas, industria y tecnolog\u00eda, diplomacia, cooperaci\u00f3n y desarrollo, inteligencia o pensamiento estrat\u00e9gico.<\/span><\/li>\n<li><span style=\"color: #333333; font-family: trebuchet ms,geneva,sans-serif; font-size: 16px;\">Servir de interlocutor ante decisores y legisladores para la promoci\u00f3n de los intereses que afectan a la Defensa.<\/span><\/li>\n<li><span style=\"color: #333333; font-family: trebuchet ms,geneva,sans-serif; font-size: 16px;\">Apoyar actividades docentes y universitarias, y divulgaci\u00f3n de estudios acad\u00e9micos.<\/span><\/li>\n<li><span style=\"color: #333333; font-family: trebuchet ms,geneva,sans-serif; font-size: 16px;\">Colaborar a favor de la agenda Mujer, Paz y Seguridad.<\/span><\/li>\n<li><span style=\"color: #333333; font-family: trebuchet ms,geneva,sans-serif; font-size: 16px;\">Fomentar la cultura estrat\u00e9gica en iniciativas orientadas al desarrollo del liderazgo juvenil y universitario.<\/span><\/li>\n<\/ul>\n<h2 style=\"text-align: justify;\"><span style=\"color: #333333; font-family: trebuchet ms,geneva,sans-serif; font-size: 20px;\">Te lo contamos <strong>en 3 minutos<\/strong><\/span><\/h2>\n<p style=\"text-align: justify;\"><span style=\"color: #333333; font-family: trebuchet ms,geneva,sans-serif; font-size: 16px;\">Nos interesa el pensamiento estrat\u00e9gico y la influencia en la toma de decisiones. Mediante la difusi\u00f3n de los \u00abAn\u00e1lisis en 3 minutos\u00bb tratamos de reunir puntos de vista de una comunidad abierta, para compartir criterios y opiniones sobre los diferentes temas de inter\u00e9s que, de forma directa o indirecta, afectan a cuestiones relativas a la pol\u00edtica de Defensa, tales como doctrina geoestrat\u00e9gica, instituciones internacionales, servicios de inteligencia, resoluci\u00f3n de conflictos, diplomacia y cooperaci\u00f3n, e industria y tecnolog\u00eda, entre otros. Teniendo en cuenta que estos contenidos van configurando una corriente de pensamiento, la orientaci\u00f3n de nuestros contenidos es pr\u00e1ctica y con un sentido divulgativo.\u00a0<\/span><\/p>\n<h2 style=\"text-align: justify;\"><span style=\"color: #333333; font-family: trebuchet ms,geneva,sans-serif; font-size: 20px;\"><strong>Nos gusta la Defensa<\/strong><\/span><\/h2>\n<p style=\"text-align: justify;\"><span style=\"color: #333333; font-family: trebuchet ms,geneva,sans-serif; font-size: 16px;\">Si la Defensa es cosa de todos, como se\u00f1ala la Estrategia de Seguridad Nacional, implica que debe estar presente en la opini\u00f3n p\u00fablica, en las iniciativas empresariales, en la cultura, la educaci\u00f3n y los contenidos docentes, en el debate pol\u00edtico y los presupuestos. Creemos que Espa\u00f1a necesita un impulso de compromiso, ilusi\u00f3n, esperanza. Ayudar a hacerlo, desde esta plataforma y en colaboraci\u00f3n con la comunidad estrat\u00e9gica, es nuestra intenci\u00f3n. Si te gustan los temas de seguridad, pensamiento estrat\u00e9gico, Fuerzas Armadas, tecnolog\u00eda e industria militar, cooperaci\u00f3n y resoluci\u00f3n de conflictos, o asuntos de pol\u00edtica internacional, te animamos a participar.\u00a0<\/span><\/p>\n<h2><span style=\"color: #333333; font-family: trebuchet ms,geneva,sans-serif; font-size: 20px;\">Qui\u00e9n lo paga<\/span><\/h2>\n<p style=\"text-align: justify;\"><span style=\"color: #333333; font-family: trebuchet ms,geneva,sans-serif; font-size: 16px;\">Esta iniciativa es posible gracias a la aportaci\u00f3n de sus socios. No tenemos \u00e1nimo de lucro. Nuestro agradecimiento a todos aquellos que nos apoyan con su experiencia, sus ideas, sus consejos, su tiempo y su generosidad, as\u00ed como a todos los que forman la comunidad de analistas y colaboradores.\u00a0<\/span><\/p>\n<hr \/>\n<p style=\"text-align: justify;\"><span style=\"color: #333333; font-family: trebuchet ms,geneva,sans-serif; font-size: 16px;\">Asociaci\u00f3n inscrita en el Registro Nacional de Asociaciones N\u00ba 615267 del Ministerio del Interior (Gobierno de Espa\u00f1a)<\/span><\/p>\n","protected":false},"excerpt":{"rendered":"<p>Por qu\u00e9 este nombre El art\u00edculo 30 de la Constituci\u00f3n Espa\u00f1ola afirma que \u00ablos espa\u00f1oles tienen el derecho y el deber de defender a Espa\u00f1a\u00bb. Hemos tomado el nombre de \u201cArt\u00edculo 30\u201d porque nos parec\u00eda una forma sencilla de asociar una marca con un mensaje. Esta iniciativa se configura como un think-tank para fomentar el&#8230;<\/p>\n","protected":false},"author":11,"featured_media":0,"parent":0,"menu_order":0,"comment_status":"closed","ping_status":"closed","template":"","meta":{"footnotes":""},"class_list":["post-268","page","type-page","status-publish","hentry"],"_links":{"self":[{"href":"https:\/\/articulo30.org\/politica-defensa\/wp-json\/wp\/v2\/pages\/268","targetHints":{"allow":["GET"]}}],"collection":[{"href":"https:\/\/articulo30.org\/politica-defensa\/wp-json\/wp\/v2\/pages"}],"about":[{"href":"https:\/\/articulo30.org\/politica-defensa\/wp-json\/wp\/v2\/types\/page"}],"author":[{"embeddable":true,"href":"https:\/\/articulo30.org\/politica-defensa\/wp-json\/wp\/v2\/users\/11"}],"replies":[{"embeddable":true,"href":"https:\/\/articulo30.org\/politica-defensa\/wp-json\/wp\/v2\/comments?post=268"}],"version-history":[{"count":57,"href":"https:\/\/articulo30.org\/politica-defensa\/wp-json\/wp\/v2\/pages\/268\/revisions"}],"predecessor-version":[{"id":6623,"href":"https:\/\/articulo30.org\/politica-defensa\/wp-json\/wp\/v2\/pages\/268\/revisions\/6623"}],"wp:attachment":[{"href":"https:\/\/articulo30.org\/politica-defensa\/wp-json\/wp\/v2\/media?parent=268"}],"curies":[{"name":"wp","href":"https:\/\/api.w.org\/{rel}","templated":true}]}}