{"id":2865,"date":"2018-12-23T00:07:50","date_gmt":"2018-12-22T23:07:50","guid":{"rendered":"https:\/\/articulo30.org\/politica-defensa\/?page_id=2865"},"modified":"2022-11-29T13:45:26","modified_gmt":"2022-11-29T12:45:26","slug":"ciberseguridad","status":"publish","type":"page","link":"https:\/\/articulo30.org\/politica-defensa\/ciberseguridad\/","title":{"rendered":"Ciberseguridad"},"content":{"rendered":"\n<div class=\"wrapper-posts box-recent type-pagination layout-list\" data-layout=\"list\" data-paged=\"2\" data-col=\"col-xs-12 col-1\" data-cat=\"ciberseguridad\" data-number=\"8\" data-ads=\"large-rectangle\">\n            <div class=\"box-title clearfix\">\n            <h2 class=\"title-left\">Ciberseguridad<\/h2>\n                    <\/div>\n        <span class=\"agr-loading\"><\/span>\n    <div class=\"tab-content\">\n        <div id=\"allCat\" class=\"archive-blog affect-isotope row active description-show\">\n                            \n                        <div class=\"col-item col-xs-12 col-1\">\n                            <article  class=\"post-item post-list clearfix post-6683 post type-post status-publish format-standard has-post-thumbnail hentry category-ciberseguridad category-policy-papers category-seguridad-nacional tag-ciberseguridad tag-espana tag-estrategia-seguridad-nacional tag-geopolitica tag-naval--armada tag-otan tag-tecnologia tag-union-europea\">\n    <div class=\"article-image\">\n                                <div class=\"post-image\">\n                <span class=\"bgr-item\"><\/span>\n                <a href=\"https:\/\/articulo30.org\/politica-defensa\/paper-62-efectos-amenazas-hibridas-espana-carmen-diaz-garcia\/\">\n                    <img decoding=\"async\"  class=\"lazy\" src=\"https:\/\/articulo30.org\/politica-defensa\/wp-content\/themes\/nerubian\/assets\/images\/layzyload-list.jpg\"  data-src=\"https:\/\/articulo30.org\/politica-defensa\/wp-content\/uploads\/Paper-62-292x190.jpg\" alt=\"post-image\"\/>\n                <\/a>\n                            <\/div>\n\n                \n    <\/div>\n    <div class=\"article-content \">\n\n        <div class=\"entry-header clearfix\">\n            <span class=\"post-cat\">                <a href=\"https:\/\/articulo30.org\/politica-defensa\/seccion\/ciberseguridad\/\"   title=\"\" >Ciberseguridad<\/a>\n                                             <a href=\"https:\/\/articulo30.org\/politica-defensa\/seccion\/policy-papers\/\"  title=\"\" >Policy Papers<\/a>\n                             <a href=\"https:\/\/articulo30.org\/politica-defensa\/seccion\/seguridad-nacional\/\"  title=\"\" >Seguridad Nacional<\/a>\n            <\/span>\n            <header class=\"entry-header-title\">\n                <h3 class=\"entry-title\"><a href=\"https:\/\/articulo30.org\/politica-defensa\/paper-62-efectos-amenazas-hibridas-espana-carmen-diaz-garcia\/\" rel=\"bookmark\">Efectos de las amenazas h\u00edbridas: el caso de Espa\u00f1a<\/a><\/h3>            <\/header>\n        <\/div>\n        <div class=\"article-meta clearfix\">\n            <span class=\"posted-on\"><i class=\"fa fa-clock-o\" aria-hidden=\"true\"><\/i><span class=\"screen-reader-text\">Posted on <\/span><a href=\"https:\/\/articulo30.org\/politica-defensa\/paper-62-efectos-amenazas-hibridas-espana-carmen-diaz-garcia\/\" rel=\"bookmark\"><time class=\"entry-date published\" datetime=\"2025-11-13T21:27:28+01:00\">13\/11\/2025<\/time><time class=\"updated\" datetime=\"2026-03-27T18:49:12+01:00\">27\/03\/2026<\/time><\/a><\/span>\t<div class=\"entry-meta-right\">\n\t\t\t\t\t<\/div>\n\n        <\/div>\n        <div class=\"entry-content\">\n            Paper 62 13 Noviembre 2025 La complejidad de fen\u00f3menos que caracterizan el siglo XXI han transformado el concepto tradicional de poder. La herencia multilateral del fin de los dos...\n        <\/div>\n\n    <\/div>\n<\/article><!-- #post-## -->\n                        <\/div>\n\n                        \n                        <div class=\"col-item col-xs-12 col-1\">\n                            <article  class=\"post-item post-list clearfix post-6614 post type-post status-publish format-standard has-post-thumbnail hentry category-ciberseguridad category-industria-y-tecnologia category-policy-papers tag-china tag-ciberseguridad tag-conflictos tag-espacio tag-espionaje tag-estados-unidos tag-estrategia-seguridad-nacional tag-inteligencia tag-rusia tag-tecnologia tag-union-europea\">\n    <div class=\"article-image\">\n                                <div class=\"post-image\">\n                <span class=\"bgr-item\"><\/span>\n                <a href=\"https:\/\/articulo30.org\/politica-defensa\/paper-59-el-oro-esta-en-el-cielo-geopolitica-y-explotacion-del-espacio-exterior-rebeca-radio\/\">\n                    <img decoding=\"async\"  class=\"lazy\" src=\"https:\/\/articulo30.org\/politica-defensa\/wp-content\/themes\/nerubian\/assets\/images\/layzyload-list.jpg\"  data-src=\"https:\/\/articulo30.org\/politica-defensa\/wp-content\/uploads\/paper-59-292x190.jpg\" alt=\"post-image\"\/>\n                <\/a>\n                            <\/div>\n\n                \n    <\/div>\n    <div class=\"article-content \">\n\n        <div class=\"entry-header clearfix\">\n            <span class=\"post-cat\">                <a href=\"https:\/\/articulo30.org\/politica-defensa\/seccion\/ciberseguridad\/\"   title=\"\" >Ciberseguridad<\/a>\n                                             <a href=\"https:\/\/articulo30.org\/politica-defensa\/seccion\/industria-y-tecnologia\/\"  title=\"\" >Industria y Tecnolog\u00eda<\/a>\n                             <a href=\"https:\/\/articulo30.org\/politica-defensa\/seccion\/policy-papers\/\"  title=\"\" >Policy Papers<\/a>\n            <\/span>\n            <header class=\"entry-header-title\">\n                <h3 class=\"entry-title\"><a href=\"https:\/\/articulo30.org\/politica-defensa\/paper-59-el-oro-esta-en-el-cielo-geopolitica-y-explotacion-del-espacio-exterior-rebeca-radio\/\" rel=\"bookmark\">El oro est\u00e1 en el cielo: geopol\u00edtica y explotaci\u00f3n del espacio exterior<\/a><\/h3>            <\/header>\n        <\/div>\n        <div class=\"article-meta clearfix\">\n            <span class=\"posted-on\"><i class=\"fa fa-clock-o\" aria-hidden=\"true\"><\/i><span class=\"screen-reader-text\">Posted on <\/span><a href=\"https:\/\/articulo30.org\/politica-defensa\/paper-59-el-oro-esta-en-el-cielo-geopolitica-y-explotacion-del-espacio-exterior-rebeca-radio\/\" rel=\"bookmark\"><time class=\"entry-date published\" datetime=\"2025-04-22T13:41:01+01:00\">22\/04\/2025<\/time><time class=\"updated\" datetime=\"2025-05-29T11:05:23+01:00\">29\/05\/2025<\/time><\/a><\/span>\t<div class=\"entry-meta-right\">\n\t\t\t\t\t<\/div>\n\n        <\/div>\n        <div class=\"entry-content\">\n            Paper 59 22 Abril 2025 M\u00e1s all\u00e1 de su dimensi\u00f3n cient\u00edfica y exploratoria, el espacio exterior se ha consolidado como un activo estrat\u00e9gico en la geopol\u00edtica del siglo XXI....\n        <\/div>\n\n    <\/div>\n<\/article><!-- #post-## -->\n                        <\/div>\n\n                        \n                        <div class=\"col-item col-xs-12 col-1\">\n                            <article  class=\"post-item post-list clearfix post-6573 post type-post status-publish format-standard has-post-thumbnail hentry category-ciberseguridad category-policy-papers tag-ciberseguridad tag-cultura tag-educacion tag-redes-sociales tag-seguridad-nacional tag-yihadismo\">\n    <div class=\"article-image\">\n                                <div class=\"post-image\">\n                <span class=\"bgr-item\"><\/span>\n                <a href=\"https:\/\/articulo30.org\/politica-defensa\/paper-57-ciberespacio-de-riesgo-rebeca-radio\/\">\n                    <img decoding=\"async\"  class=\"lazy\" src=\"https:\/\/articulo30.org\/politica-defensa\/wp-content\/themes\/nerubian\/assets\/images\/layzyload-list.jpg\"  data-src=\"https:\/\/articulo30.org\/politica-defensa\/wp-content\/uploads\/paper-57-292x190.jpg\" alt=\"post-image\"\/>\n                <\/a>\n                            <\/div>\n\n                \n    <\/div>\n    <div class=\"article-content \">\n\n        <div class=\"entry-header clearfix\">\n            <span class=\"post-cat\">                <a href=\"https:\/\/articulo30.org\/politica-defensa\/seccion\/ciberseguridad\/\"   title=\"\" >Ciberseguridad<\/a>\n                                             <a href=\"https:\/\/articulo30.org\/politica-defensa\/seccion\/policy-papers\/\"  title=\"\" >Policy Papers<\/a>\n            <\/span>\n            <header class=\"entry-header-title\">\n                <h3 class=\"entry-title\"><a href=\"https:\/\/articulo30.org\/politica-defensa\/paper-57-ciberespacio-de-riesgo-rebeca-radio\/\" rel=\"bookmark\">Un ciberespacio de riesgo<\/a><\/h3>            <\/header>\n        <\/div>\n        <div class=\"article-meta clearfix\">\n            <span class=\"posted-on\"><i class=\"fa fa-clock-o\" aria-hidden=\"true\"><\/i><span class=\"screen-reader-text\">Posted on <\/span><a href=\"https:\/\/articulo30.org\/politica-defensa\/paper-57-ciberespacio-de-riesgo-rebeca-radio\/\" rel=\"bookmark\"><time class=\"entry-date published\" datetime=\"2025-02-18T11:57:28+01:00\">18\/02\/2025<\/time><time class=\"updated\" datetime=\"2025-03-18T20:27:22+01:00\">18\/03\/2025<\/time><\/a><\/span>\t<div class=\"entry-meta-right\">\n\t\t\t\t\t<\/div>\n\n        <\/div>\n        <div class=\"entry-content\">\n            Paper 57 18 Febrero 2025 En el \u00faltimo a\u00f1o, la atenci\u00f3n mundial se ha centrado en eventos de gran magnitud como la guerra en Ucrania, el conflicto entre Israel...\n        <\/div>\n\n    <\/div>\n<\/article><!-- #post-## -->\n                        <\/div>\n\n                        \n                        <div class=\"col-item col-xs-12 col-1\">\n                            <article  class=\"post-item post-list clearfix post-5730 post type-post status-publish format-standard has-post-thumbnail hentry category-ciberseguridad category-iniciativas category-workshops tag-ciberseguridad tag-conflictos-hibridos tag-inteligencia tag-inteligencia-artificial tag-tecnologia\">\n    <div class=\"article-image\">\n                                <div class=\"post-image\">\n                <span class=\"bgr-item\"><\/span>\n                <a href=\"https:\/\/articulo30.org\/politica-defensa\/ciberseguridad-tecnologias-emergentes-andrea-g-rodriguez\/\">\n                    <img decoding=\"async\"  class=\"lazy\" src=\"https:\/\/articulo30.org\/politica-defensa\/wp-content\/themes\/nerubian\/assets\/images\/layzyload-list.jpg\"  data-src=\"https:\/\/articulo30.org\/politica-defensa\/wp-content\/uploads\/ciberseguridad-andrea-g-rodriguez-e1619531436235-292x190.jpg\" alt=\"post-image\"\/>\n                <\/a>\n                            <\/div>\n\n                \n    <\/div>\n    <div class=\"article-content \">\n\n        <div class=\"entry-header clearfix\">\n            <span class=\"post-cat\">                <a href=\"https:\/\/articulo30.org\/politica-defensa\/seccion\/ciberseguridad\/\"   title=\"\" >Ciberseguridad<\/a>\n                                             <a href=\"https:\/\/articulo30.org\/politica-defensa\/seccion\/iniciativas\/\"  title=\"\" >Iniciativas<\/a>\n                             <a href=\"https:\/\/articulo30.org\/politica-defensa\/seccion\/workshops\/\"  title=\"\" >Workshops<\/a>\n            <\/span>\n            <header class=\"entry-header-title\">\n                <h3 class=\"entry-title\"><a href=\"https:\/\/articulo30.org\/politica-defensa\/ciberseguridad-tecnologias-emergentes-andrea-g-rodriguez\/\" rel=\"bookmark\">Webinar \u00abCiberseguridad y tecnolog\u00edas emergentes\u00bb<\/a><\/h3>            <\/header>\n        <\/div>\n        <div class=\"article-meta clearfix\">\n            <span class=\"posted-on\"><i class=\"fa fa-clock-o\" aria-hidden=\"true\"><\/i><span class=\"screen-reader-text\">Posted on <\/span><a href=\"https:\/\/articulo30.org\/politica-defensa\/ciberseguridad-tecnologias-emergentes-andrea-g-rodriguez\/\" rel=\"bookmark\"><time class=\"entry-date published\" datetime=\"2021-04-29T21:00:54+01:00\">29\/04\/2021<\/time><time class=\"updated\" datetime=\"2021-06-03T11:41:48+01:00\">03\/06\/2021<\/time><\/a><\/span>\t<div class=\"entry-meta-right\">\n\t\t\t\t\t<\/div>\n\n        <\/div>\n        <div class=\"entry-content\">\n            WEBINAR 29 Abril 2021 El webinar del mes de abril estuvo dedicado a Ciberseguridad y tecnolog\u00edas emergentes y contamos con la participaci\u00f3n de&nbsp;Andrea G. Rodr\u00edguez, investigadora del Barcelona Centre...\n        <\/div>\n\n    <\/div>\n<\/article><!-- #post-## -->\n                        <\/div>\n\n                        \n                        <div class=\"col-item col-xs-12 col-1\">\n                            <article  class=\"post-item post-list clearfix post-4235 post type-post status-publish format-standard has-post-thumbnail hentry category-ciberseguridad category-espana category-otan tag-ciberseguridad tag-guardia-civil tag-otan\">\n    <div class=\"article-image\">\n                                <div class=\"post-image\">\n                <span class=\"bgr-item\"><\/span>\n                <a href=\"https:\/\/articulo30.org\/politica-defensa\/vision-atlantica-retos-ciberespacio-andrea-rodriguez\/\">\n                    <img decoding=\"async\"  class=\"lazy\" src=\"https:\/\/articulo30.org\/politica-defensa\/wp-content\/themes\/nerubian\/assets\/images\/layzyload-list.jpg\"  data-src=\"https:\/\/articulo30.org\/politica-defensa\/wp-content\/uploads\/238-292x190.jpg\" alt=\"post-image\"\/>\n                <\/a>\n                            <\/div>\n\n                \n    <\/div>\n    <div class=\"article-content \">\n\n        <div class=\"entry-header clearfix\">\n            <span class=\"post-cat\">                <a href=\"https:\/\/articulo30.org\/politica-defensa\/seccion\/ciberseguridad\/\"   title=\"\" >Ciberseguridad<\/a>\n                                             <a href=\"https:\/\/articulo30.org\/politica-defensa\/seccion\/espana\/\"  title=\"\" >Espa\u00f1a<\/a>\n                             <a href=\"https:\/\/articulo30.org\/politica-defensa\/seccion\/otan\/\"  title=\"\" >OTAN<\/a>\n            <\/span>\n            <header class=\"entry-header-title\">\n                <h3 class=\"entry-title\"><a href=\"https:\/\/articulo30.org\/politica-defensa\/vision-atlantica-retos-ciberespacio-andrea-rodriguez\/\" rel=\"bookmark\">Una visi\u00f3n atl\u00e1ntica de los retos en el ciberespacio<\/a><\/h3>            <\/header>\n        <\/div>\n        <div class=\"article-meta clearfix\">\n            <span class=\"posted-on\"><i class=\"fa fa-clock-o\" aria-hidden=\"true\"><\/i><span class=\"screen-reader-text\">Posted on <\/span><a href=\"https:\/\/articulo30.org\/politica-defensa\/vision-atlantica-retos-ciberespacio-andrea-rodriguez\/\" rel=\"bookmark\"><time class=\"entry-date published\" datetime=\"2019-11-15T15:46:53+01:00\">15\/11\/2019<\/time><time class=\"updated\" datetime=\"2019-11-15T16:05:07+01:00\">15\/11\/2019<\/time><\/a><\/span>\t<div class=\"entry-meta-right\">\n\t\t\t\t\t<\/div>\n\n        <\/div>\n        <div class=\"entry-content\">\n            An\u00e1lisis 238 El t\u00e9rmino \u201cciberguerra\u201d es comprometido. Si nos guiamos por las definiciones actuales, incluyendo la definici\u00f3n b\u00e1sica de arma cibern\u00e9tica, podr\u00edamos llegar a un impasse que nos limitar\u00eda...\n        <\/div>\n\n    <\/div>\n<\/article><!-- #post-## -->\n                        <\/div>\n\n                        \n                        <div class=\"col-item col-xs-12 col-1\">\n                            <article  class=\"post-item post-list clearfix post-4057 post type-post status-publish format-standard has-post-thumbnail hentry category-ciberseguridad category-espana tag-china tag-ciberseguridad tag-estados-unidos tag-tecnologia\">\n    <div class=\"article-image\">\n                                <div class=\"post-image\">\n                <span class=\"bgr-item\"><\/span>\n                <a href=\"https:\/\/articulo30.org\/politica-defensa\/tecnologia-5g-ciberseguridad-jose-ramon-corrochano\/\">\n                    <img decoding=\"async\"  class=\"lazy\" src=\"https:\/\/articulo30.org\/politica-defensa\/wp-content\/themes\/nerubian\/assets\/images\/layzyload-list.jpg\"  data-src=\"https:\/\/articulo30.org\/politica-defensa\/wp-content\/uploads\/2340-292x190.jpg\" alt=\"post-image\"\/>\n                <\/a>\n                            <\/div>\n\n                \n    <\/div>\n    <div class=\"article-content \">\n\n        <div class=\"entry-header clearfix\">\n            <span class=\"post-cat\">                <a href=\"https:\/\/articulo30.org\/politica-defensa\/seccion\/ciberseguridad\/\"   title=\"\" >Ciberseguridad<\/a>\n                                             <a href=\"https:\/\/articulo30.org\/politica-defensa\/seccion\/espana\/\"  title=\"\" >Espa\u00f1a<\/a>\n            <\/span>\n            <header class=\"entry-header-title\">\n                <h3 class=\"entry-title\"><a href=\"https:\/\/articulo30.org\/politica-defensa\/tecnologia-5g-ciberseguridad-jose-ramon-corrochano\/\" rel=\"bookmark\">Tecnolog\u00eda 5G y ciberseguridad nacional<\/a><\/h3>            <\/header>\n        <\/div>\n        <div class=\"article-meta clearfix\">\n            <span class=\"posted-on\"><i class=\"fa fa-clock-o\" aria-hidden=\"true\"><\/i><span class=\"screen-reader-text\">Posted on <\/span><a href=\"https:\/\/articulo30.org\/politica-defensa\/tecnologia-5g-ciberseguridad-jose-ramon-corrochano\/\" rel=\"bookmark\"><time class=\"entry-date published\" datetime=\"2019-10-03T19:30:38+01:00\">03\/10\/2019<\/time><time class=\"updated\" datetime=\"2019-11-05T09:54:05+01:00\">05\/11\/2019<\/time><\/a><\/span>\t<div class=\"entry-meta-right\">\n\t\t\t\t\t<\/div>\n\n        <\/div>\n        <div class=\"entry-content\">\n            An\u00e1lisis 234 La conexi\u00f3n 5G es el nombre que sirve para denominar a la quinta generaci\u00f3n est\u00e1ndares de comunicaci\u00f3n inal\u00e1mbrica. Por sus caracter\u00edsticas y las capacidades que ofrece, ha...\n        <\/div>\n\n    <\/div>\n<\/article><!-- #post-## -->\n                        <\/div>\n\n                        \n                        <div class=\"col-item col-xs-12 col-1\">\n                            <article  class=\"post-item post-list clearfix post-4066 post type-post status-publish format-standard has-post-thumbnail hentry category-ciberseguridad category-policy-papers tag-ciberdefensa tag-ciberreserva tag-ciberseguridad tag-estrategia-seguridad-nacional tag-reservistas\">\n    <div class=\"article-image\">\n                                <div class=\"post-image\">\n                <span class=\"bgr-item\"><\/span>\n                <a href=\"https:\/\/articulo30.org\/politica-defensa\/propuesta-ciberreserva-espana-andres-montero\/\">\n                    <img decoding=\"async\"  class=\"lazy\" src=\"https:\/\/articulo30.org\/politica-defensa\/wp-content\/themes\/nerubian\/assets\/images\/layzyload-list.jpg\"  data-src=\"https:\/\/articulo30.org\/politica-defensa\/wp-content\/uploads\/paper-16-2-292x190.jpg\" alt=\"post-image\"\/>\n                <\/a>\n                            <\/div>\n\n                \n    <\/div>\n    <div class=\"article-content \">\n\n        <div class=\"entry-header clearfix\">\n            <span class=\"post-cat\">                <a href=\"https:\/\/articulo30.org\/politica-defensa\/seccion\/ciberseguridad\/\"   title=\"\" >Ciberseguridad<\/a>\n                                             <a href=\"https:\/\/articulo30.org\/politica-defensa\/seccion\/policy-papers\/\"  title=\"\" >Policy Papers<\/a>\n            <\/span>\n            <header class=\"entry-header-title\">\n                <h3 class=\"entry-title\"><a href=\"https:\/\/articulo30.org\/politica-defensa\/propuesta-ciberreserva-espana-andres-montero\/\" rel=\"bookmark\">Propuesta para una Ciberreserva en Espa\u00f1a<\/a><\/h3>            <\/header>\n        <\/div>\n        <div class=\"article-meta clearfix\">\n            <span class=\"posted-on\"><i class=\"fa fa-clock-o\" aria-hidden=\"true\"><\/i><span class=\"screen-reader-text\">Posted on <\/span><a href=\"https:\/\/articulo30.org\/politica-defensa\/propuesta-ciberreserva-espana-andres-montero\/\" rel=\"bookmark\"><time class=\"entry-date published\" datetime=\"2019-10-01T14:00:40+01:00\">01\/10\/2019<\/time><time class=\"updated\" datetime=\"2019-10-06T15:10:06+01:00\">06\/10\/2019<\/time><\/a><\/span>\t<div class=\"entry-meta-right\">\n\t\t\t\t\t<\/div>\n\n        <\/div>\n        <div class=\"entry-content\">\n            Paper 16 \/ 2019 Contexto de debate sobre la Ciberreserva en Espa\u00f1a Al menos desde 2014 lleva activo en Espa\u00f1a el debate sobre la pertinencia de establecer una Reserva...\n        <\/div>\n\n    <\/div>\n<\/article><!-- #post-## -->\n                        <\/div>\n\n                        \n                        <div class=\"col-item col-xs-12 col-1\">\n                            <article  class=\"post-item post-list clearfix post-3843 post type-post status-publish format-standard has-post-thumbnail hentry category-ciberseguridad category-inteligencia category-internacional tag-ciberseguridad tag-conflictos tag-inteligencia-artificial tag-tecnologia\">\n    <div class=\"article-image\">\n                                <div class=\"post-image\">\n                <span class=\"bgr-item\"><\/span>\n                <a href=\"https:\/\/articulo30.org\/politica-defensa\/impacto-inteligencia-artificial-ciberseguridad-andrea-rodriguez\/\">\n                    <img decoding=\"async\"  class=\"lazy\" src=\"https:\/\/articulo30.org\/politica-defensa\/wp-content\/themes\/nerubian\/assets\/images\/layzyload-list.jpg\"  data-src=\"https:\/\/articulo30.org\/politica-defensa\/wp-content\/uploads\/2212-292x190.jpg\" alt=\"post-image\"\/>\n                <\/a>\n                            <\/div>\n\n                \n    <\/div>\n    <div class=\"article-content \">\n\n        <div class=\"entry-header clearfix\">\n            <span class=\"post-cat\">                <a href=\"https:\/\/articulo30.org\/politica-defensa\/seccion\/ciberseguridad\/\"   title=\"\" >Ciberseguridad<\/a>\n                                             <a href=\"https:\/\/articulo30.org\/politica-defensa\/seccion\/inteligencia\/\"  title=\"\" >Inteligencia<\/a>\n                             <a href=\"https:\/\/articulo30.org\/politica-defensa\/seccion\/internacional\/\"  title=\"\" >Internacional<\/a>\n            <\/span>\n            <header class=\"entry-header-title\">\n                <h3 class=\"entry-title\"><a href=\"https:\/\/articulo30.org\/politica-defensa\/impacto-inteligencia-artificial-ciberseguridad-andrea-rodriguez\/\" rel=\"bookmark\">El impacto de la Inteligencia Artificial en Ciberseguridad<\/a><\/h3>            <\/header>\n        <\/div>\n        <div class=\"article-meta clearfix\">\n            <span class=\"posted-on\"><i class=\"fa fa-clock-o\" aria-hidden=\"true\"><\/i><span class=\"screen-reader-text\">Posted on <\/span><a href=\"https:\/\/articulo30.org\/politica-defensa\/impacto-inteligencia-artificial-ciberseguridad-andrea-rodriguez\/\" rel=\"bookmark\"><time class=\"entry-date published\" datetime=\"2019-06-28T10:12:48+01:00\">28\/06\/2019<\/time><time class=\"updated\" datetime=\"2019-07-10T16:36:07+01:00\">10\/07\/2019<\/time><\/a><\/span>\t<div class=\"entry-meta-right\">\n\t\t\t\t\t<\/div>\n\n        <\/div>\n        <div class=\"entry-content\">\n            An\u00e1lisis 221 Uno de los elementos m\u00e1s relevantes que configura la actual competici\u00f3n tecnol\u00f3gica es la supremac\u00eda por el \u00e1mbito cibern\u00e9tico y, en concreto, por las capacidades que ofrece...\n        <\/div>\n\n    <\/div>\n<\/article><!-- #post-## -->\n                        <\/div>\n\n                                            <\/div>\n    <\/div>\n\n                <div class=\"navigation pagination clearfix\">\r\n                                            <span class=\"page-numbers current\">1<\/span>\r\n                                                    <a href=\"https:\/\/articulo30.org\/politica-defensa\/wp-json\/wp\/v2\/pages\/2865\/page\/2\/\" class=\"inactive page-numbers\">2<\/a>\r\n                                                <a class=\"next page-numbers\" href=\"https:\/\/articulo30.org\/politica-defensa\/wp-json\/wp\/v2\/pages\/2865\/page\/2\/\"><i class=\"fa fa-angle-right\"><\/i><\/a>\r\n                            <\/div>\r\n            <\/div>\n","protected":false},"excerpt":{"rendered":"","protected":false},"author":4,"featured_media":0,"parent":0,"menu_order":0,"comment_status":"closed","ping_status":"closed","template":"","meta":{"footnotes":""},"class_list":["post-2865","page","type-page","status-publish","hentry"],"_links":{"self":[{"href":"https:\/\/articulo30.org\/politica-defensa\/wp-json\/wp\/v2\/pages\/2865","targetHints":{"allow":["GET"]}}],"collection":[{"href":"https:\/\/articulo30.org\/politica-defensa\/wp-json\/wp\/v2\/pages"}],"about":[{"href":"https:\/\/articulo30.org\/politica-defensa\/wp-json\/wp\/v2\/types\/page"}],"author":[{"embeddable":true,"href":"https:\/\/articulo30.org\/politica-defensa\/wp-json\/wp\/v2\/users\/4"}],"replies":[{"embeddable":true,"href":"https:\/\/articulo30.org\/politica-defensa\/wp-json\/wp\/v2\/comments?post=2865"}],"version-history":[{"count":4,"href":"https:\/\/articulo30.org\/politica-defensa\/wp-json\/wp\/v2\/pages\/2865\/revisions"}],"predecessor-version":[{"id":6200,"href":"https:\/\/articulo30.org\/politica-defensa\/wp-json\/wp\/v2\/pages\/2865\/revisions\/6200"}],"wp:attachment":[{"href":"https:\/\/articulo30.org\/politica-defensa\/wp-json\/wp\/v2\/media?parent=2865"}],"curies":[{"name":"wp","href":"https:\/\/api.w.org\/{rel}","templated":true}]}}